{"id":8,"date":"2025-04-26T13:58:16","date_gmt":"2025-04-26T13:58:16","guid":{"rendered":"https:\/\/guardit.pt\/site\/?page_id=8"},"modified":"2026-02-04T14:28:38","modified_gmt":"2026-02-04T14:28:38","slug":"home","status":"publish","type":"page","link":"https:\/\/guardit.pt\/site\/","title":{"rendered":"Home"},"content":{"rendered":"\n<div class=\"wp-block-cover alignfull is-light\" style=\"min-height:720px;aspect-ratio:unset;\"><span aria-hidden=\"true\" class=\"wp-block-cover__background has-background-dim-100 has-background-dim has-background-gradient\" style=\"background:linear-gradient(35deg,rgb(6,0,151) 0%,rgb(130,4,255) 73%,rgb(193,15,255) 100%)\"><\/span><div class=\"wp-block-cover__inner-container is-layout-flow wp-block-cover-is-layout-flow\">\n<div class=\"inherit-container-width wp-block-group alignwide is-layout-constrained wp-block-group-is-layout-constrained\">\n<div class=\"wp-block-media-text alignwide has-media-on-the-right is-stacked-on-mobile is-vertically-aligned-center\" style=\"grid-template-columns:auto 43%\"><div class=\"wp-block-media-text__content\">\n<h1 class=\"wp-block-heading has-text-align-left has-white-color has-text-color\">A sua tecnologia, sempre protegida, sempre preparada!<\/h1>\n\n\n\n<p class=\"has-white-color has-text-color\">A GuardIT, Lda \u00e9 uma startup em plena prepara\u00e7\u00e3o para lan\u00e7ar servi\u00e7os de gest\u00e3o e ciberseguran\u00e7a de TI, com a miss\u00e3o de trazer inova\u00e7\u00e3o, seguran\u00e7a e confian\u00e7a \u00e0s empresas.<br>Prestamos consultoria na Diretiva NIS2 \/ DL 125\/2025, avaliamos e implementamos solu\u00e7\u00f5es. <\/p>\n<\/div><figure class=\"wp-block-media-text__media\"><img alt=\"\" decoding=\"async\" src=\"https:\/\/guardit.pt\/site\/wp-content\/themes\/astra\/inc\/assets\/images\/starter-content\/hero-img.svg\" alt=\"\" class=\"wp-image-118 size-full\"\/><\/figure><\/div>\n<\/div>\n<\/div><\/div>\n\n\n\n<div class=\"wp-block-group alignfull has-ast-global-color-5-background-color has-background is-layout-constrained wp-container-core-group-is-layout-9cedb757 wp-block-group-is-layout-constrained\" style=\"padding-bottom:0px\">\n<p>A GuardIT \u00e9 uma startup tecnol\u00f3gica fundada por um aluno do DETI \u2013 Universidade de Aveiro, sediada no concelho de \u00c1gueda. Com especializa\u00e7\u00e3o em servi\u00e7os geridos de IT (MSP &#8211; Managed Services Provider), e com foco em Pequenas e M\u00e9dias Empresas que procuram apoio t\u00e9cnico fi\u00e1vel e estrat\u00e9gico, a GuardIT oferece solu\u00e7\u00f5es em infraestrutura, virtualiza\u00e7\u00e3o, redes, ciberseguran\u00e7a e continuidade de neg\u00f3cio, garantindo que os clientes tenham sistemas est\u00e1veis, seguros e preparados para crescer. Pretende-se que a inform\u00e1tica deixe de ser um fator limitativo e de preocupa\u00e7\u00e3o interno.<br><br>Com uma abordagem proativa e personalizada, a GuardIT posiciona-se como um parceiro tecnol\u00f3gico que ajuda os neg\u00f3cios a evoluir, libertando-os das complexidades da gest\u00e3o de TI. A miss\u00e3o \u00e9 clara: trazer inova\u00e7\u00e3o e tranquilidade digital a empresas que querem crescer com confian\u00e7a e efici\u00eancia, abrindo caminho para uma presen\u00e7a s\u00f3lida, moderna e competitiva num mundo cada vez mais digital e exigente.<\/p>\n\n\n\n<div class=\"wp-block-columns are-vertically-aligned-top is-layout-flex wp-container-core-columns-is-layout-00723822 wp-block-columns-is-layout-flex\">\n<div class=\"wp-block-column is-vertically-aligned-top is-layout-flow wp-container-core-column-is-layout-6b73ce23 wp-block-column-is-layout-flow\">\n<figure class=\"wp-block-image size-large\"><img alt=\"\" decoding=\"async\" src=\"https:\/\/guardit.pt\/site\/wp-content\/themes\/astra\/inc\/assets\/images\/starter-content\/building.svg\" alt=\"\" class=\"wp-image-134\"\/><\/figure>\n\n\n\n<h3 class=\"wp-block-heading has-text-align-left\" style=\"margin-top:16px\">Neg\u00f3cio Local<\/h3>\n\n\n\n<p class=\"has-text-align-left\">Estamos a preparar para oferecer servi\u00e7os a empresas, e estamos localizados entre \u00c1gueda e Albergaria.<\/p>\n<\/div>\n\n\n\n<div class=\"wp-block-column is-vertically-aligned-top is-layout-flow wp-container-core-column-is-layout-6b73ce23 wp-block-column-is-layout-flow\">\n<figure class=\"wp-block-image size-large\"><img alt=\"\" decoding=\"async\" src=\"https:\/\/guardit.pt\/site\/wp-content\/themes\/astra\/inc\/assets\/images\/starter-content\/shopping-bag.svg\" alt=\"\" class=\"wp-image-135\"\/><\/figure>\n\n\n\n<h3 class=\"wp-block-heading has-text-align-left\" style=\"margin-top:16px\">Hardware<\/h3>\n\n\n\n<p class=\"has-text-align-left\">Estamos a preparar uma oferta completa de hardware empresarial para modernizar os seus neg\u00f3cios.<\/p>\n<\/div>\n\n\n\n<div class=\"wp-block-column is-vertically-aligned-top is-layout-flow wp-container-core-column-is-layout-6b73ce23 wp-block-column-is-layout-flow\">\n<figure class=\"wp-block-image size-large\"><img alt=\"\" decoding=\"async\" src=\"https:\/\/guardit.pt\/site\/wp-content\/themes\/astra\/inc\/assets\/images\/starter-content\/blog.svg\" alt=\"\" class=\"wp-image-136\"\/><\/figure>\n\n\n\n<h3 class=\"wp-block-heading has-text-align-left\" style=\"margin-top:16px\">Consultoria<\/h3>\n\n\n\n<p class=\"has-text-align-left\">Consultoria especializada para otimizar toda a infraestrutura tecnol\u00f3gica da sua empresa.<\/p>\n<\/div>\n\n\n\n<div class=\"wp-block-column is-vertically-aligned-top is-layout-flow wp-container-core-column-is-layout-6b73ce23 wp-block-column-is-layout-flow\">\n<figure class=\"wp-block-image size-large\"><img alt=\"\" decoding=\"async\" src=\"https:\/\/guardit.pt\/site\/wp-content\/themes\/astra\/inc\/assets\/images\/starter-content\/portfolio.svg\" alt=\"\" class=\"wp-image-137\"\/><\/figure>\n\n\n\n<h3 class=\"wp-block-heading has-text-align-left\" style=\"margin-top:16px\">Gest\u00e3o (MSP)<\/h3>\n\n\n\n<p class=\"has-text-align-left\">Gerimos todo o seu parque inform\u00e1tico, garantindo efici\u00eancia, seguran\u00e7a e continuidade operacional.<\/p>\n<\/div>\n<\/div>\n<\/div>\n\n\n\n<div class=\"wp-block-group alignfull has-ast-global-color-5-background-color has-background is-layout-constrained wp-container-core-group-is-layout-94d206d0 wp-block-group-is-layout-constrained\" id=\"about\" style=\"padding-top:143px;padding-bottom:144px\">\n<div class=\"wp-block-media-text has-media-on-the-right is-stacked-on-mobile is-vertically-aligned-center\"><div class=\"wp-block-media-text__content\">\n<div class=\"inherit-container-width wp-block-group is-layout-constrained wp-container-core-group-is-layout-47ce07ec wp-block-group-is-layout-constrained\" style=\"padding-right:80px\">\n<h2 class=\"wp-block-heading\" style=\"padding-right:40px\">Ajudamos equipas a construir o neg\u00f3cio que idealizaram<\/h2>\n\n\n\n<p>Um <strong>MSP (Managed Service Provider)<\/strong> complementa a equipa interna de IT, oferecendo recursos especializados, tecnologia atualizada e suporte cont\u00ednuo.<\/p>\n\n\n\n<p>Enquanto a equipa interna se dedica a projetos estrat\u00e9gicos e necessidades espec\u00edficas do neg\u00f3cio, a GuardIT garante que toda a infraestrutura, desde servidores a workstations, se mant\u00e9m segura, otimizada e atualizada.<br>Pretendemos proporcionar escalabilidade r\u00e1pida, refor\u00e7o em situa\u00e7\u00f5es cr\u00edticas, e acesso a conhecimentos t\u00e9cnicos especializados sem a necessidade de grandes investimentos em recrutamento ou forma\u00e7\u00e3o constante.<br>Isto traduz-se em redu\u00e7\u00e3o de riscos, aumento da efici\u00eancia e foco total no crescimento e inova\u00e7\u00e3o da empresa.<\/p>\n<\/div>\n<\/div><figure class=\"wp-block-media-text__media\"><img alt=\"\" decoding=\"async\" src=\"https:\/\/guardit.pt\/site\/wp-content\/themes\/astra\/inc\/assets\/images\/starter-content\/about-us.jpg\" alt=\"\" class=\"wp-image-237 size-full\"\/><\/figure><\/div>\n<\/div>\n\n\n\n<div class=\"wp-block-group alignfull is-layout-constrained wp-container-core-group-is-layout-3fee123f wp-block-group-is-layout-constrained\" id=\"services\" style=\"padding-top:144px;padding-bottom:144px\">\n<h2 class=\"wp-block-heading\">Servi\u00e7os<\/h2>\n\n\n\n<div class=\"wp-block-columns is-layout-flex wp-container-core-columns-is-layout-29aadeec wp-block-columns-is-layout-flex\" style=\"margin-top:60px\">\n<div class=\"wp-block-column is-layout-flow wp-container-core-column-is-layout-6b73ce23 wp-block-column-is-layout-flow\">\n<figure class=\"wp-block-image size-large\"><img alt=\"\" decoding=\"async\" src=\"https:\/\/guardit.pt\/site\/wp-content\/themes\/astra\/inc\/assets\/images\/starter-content\/passionate.svg\" alt=\"\" class=\"wp-image-162\"\/><\/figure>\n\n\n\n<h3 class=\"wp-block-heading\" style=\"margin-top:16px\">Solu\u00e7\u00f5es empresariais \u00e0 medida<\/h3>\n\n\n\n<p>Disponibilizamos hardware e software empresarial de qualidade, pronto a escalar com o seu neg\u00f3cio.<\/p>\n<\/div>\n\n\n\n<div class=\"wp-block-column is-layout-flow wp-container-core-column-is-layout-6b73ce23 wp-block-column-is-layout-flow\">\n<figure class=\"wp-block-image size-large\"><img alt=\"\" decoding=\"async\" src=\"https:\/\/guardit.pt\/site\/wp-content\/themes\/astra\/inc\/assets\/images\/starter-content\/professional.svg\" alt=\"\" class=\"wp-image-163\"\/><\/figure>\n\n\n\n<h3 class=\"wp-block-heading\" style=\"margin-top:16px\">Gest\u00e3o de TI com Confian\u00e7a<\/h3>\n\n\n\n<p>Cuidamos de toda a sua infraestrutura inform\u00e1tica, para que se concentre no que importa: crescer.<\/p>\n<\/div>\n\n\n\n<div class=\"wp-block-column is-layout-flow wp-container-core-column-is-layout-6b73ce23 wp-block-column-is-layout-flow\">\n<figure class=\"wp-block-image size-large\"><img alt=\"\" decoding=\"async\" src=\"https:\/\/guardit.pt\/site\/wp-content\/themes\/astra\/inc\/assets\/images\/starter-content\/support.svg\" alt=\"\" class=\"wp-image-164\"\/><\/figure>\n\n\n\n<h3 class=\"wp-block-heading\" style=\"margin-top:16px\">Suporte<\/h3>\n\n\n\n<p>Temos como foco, garantir uma interven\u00e7\u00e3o r\u00e1pida, continuidade, seguran\u00e7a e m\u00e1xima performance dos seus sistemas.<\/p>\n<\/div>\n<\/div>\n\n\n\n<p><\/p>\n\n\n\n<details class=\"wp-block-details is-layout-flow wp-block-details-is-layout-flow\"><summary> <strong>Listagem de Servi\u00e7os<\/strong><\/summary>\n<ul class=\"wp-block-list\">\n<li><strong>Consultoria estrat\u00e9gica de IT<\/strong> (planeamento a m\u00e9dio\/longo prazo)<\/li>\n\n\n\n<li><strong>Consultoria em seguran\u00e7a inform\u00e1tica e boas pr\u00e1ticas<\/strong> (an\u00e1lise da infraestrutura e desenvolvimento de plano)<\/li>\n\n\n\n<li><strong>Relat\u00f3rios<\/strong> (Monitoriza\u00e7\u00e3o, Backups, Seguran\u00e7a, Invent\u00e1rio, Software, Rede, Manuten\u00e7\u00e3o, RGPD\/NIS)<\/li>\n\n\n\n<li><strong>Gest\u00e3o de rede<\/strong> (firewalls, routers, switches, Wi-Fi)<\/li>\n\n\n\n<li><strong>Gest\u00e3o de servidores<\/strong> (f\u00edsicos e virtualiza\u00e7\u00e3o)<\/li>\n\n\n\n<li><strong>Gest\u00e3o de dom\u00ednio<\/strong><\/li>\n\n\n\n<li><strong>Partilha de ficheiros\/dados<\/strong><\/li>\n\n\n\n<li><strong>Monitoriza\u00e7\u00e3o de sistemas<\/strong><\/li>\n\n\n\n<li><strong>Suporte t\u00e9cnico e helpdesk<\/strong> para utilizadores empresariais<\/li>\n\n\n\n<li><strong>Backups e recupera\u00e7\u00e3o de dados<\/strong><\/li>\n\n\n\n<li><strong>Planeamento de continuidade de neg\u00f3cio e disaster recovery<\/strong><\/li>\n\n\n\n<li><strong>Prote\u00e7\u00e3o contra ciberamea\u00e7as<\/strong> (antiv\u00edrus, antimalware, EDR)<\/li>\n\n\n\n<li><strong>Atualiza\u00e7\u00f5es e patching de software e sistemas operativos<\/strong><\/li>\n\n\n\n<li><strong>Fornecimento, configura\u00e7\u00e3o e manuten\u00e7\u00e3o de hardware empresarial<\/strong><\/li>\n\n\n\n<li><strong>Gest\u00e3o de licen\u00e7as de software e compliance<\/strong><\/li>\n\n\n\n<li><strong>Virtualiza\u00e7\u00e3o de servidores e desktops<\/strong><\/li>\n\n\n\n<li><strong>Storage de dados<\/strong><\/li>\n\n\n\n<li><strong>Acessos remotos<\/strong> (VPN)<\/li>\n\n\n\n<li><strong>Auditorias de seguran\u00e7a e infraestrutura<\/strong><\/li>\n\n\n\n<li><strong>Gest\u00e3o de mobilidade empresarial<\/strong> (MDM &#8211; Mobile Device Management)<\/li>\n\n\n\n<li><strong>Forma\u00e7\u00e3o e sensibiliza\u00e7\u00e3o de utilizadores para seguran\u00e7a digital<\/strong><\/li>\n\n\n\n<li><strong>Gest\u00e3o de impressoras e outros perif\u00e9ricos de rede<\/strong><\/li>\n\n\n\n<li><strong>Gest\u00e3o da videovigil\u00e2ncia<\/strong><\/li>\n\n\n\n<li><strong>Planeamento e execu\u00e7\u00e3o de projetos de IT<\/strong> (migra\u00e7\u00f5es, upgrades, expans\u00f5es)<\/li>\n\n\n\n<li><strong>Servi\u00e7os de onboarding e offboarding de colaboradores<\/strong> (configura\u00e7\u00e3o e desativa\u00e7\u00e3o de acessos)<\/li>\n\n\n\n<li><strong>Suporte a ERP\/CRM<\/strong> (PHC &#8211; Parceiro FBConsultores)<\/li>\n<\/ul>\n<\/details>\n<\/div>\n\n\n\n<hr class=\"wp-block-separator has-alpha-channel-opacity\"\/>\n\n\n\n<div class=\"wp-block-group alignfull is-layout-constrained wp-container-core-group-is-layout-3fee123f wp-block-group-is-layout-constrained\" style=\"padding-top:144px;padding-bottom:144px\">\n<h2 class=\"wp-block-heading\">Parceiros<\/h2>\n\n\n<div  ><style id=\"sp_lcp_dynamic_css58\">div#logo-carousel-free-58.logo-carousel-free .sp-lc-logo{border: 0px solid #dddddd;border-radius: 0px;overflow: hidden;}div#logo-carousel-free-58.logo-carousel-free .sp-lc-logo:hover{border-color: #16a08b;}#logo-carousel-free-58.sp-lc-container .sp-lc-pagination .swiper-pagination-bullet {background-color: #dddddd;margin: 0 4px;}#logo-carousel-free-58.sp-lc-container .sp-lc-pagination .swiper-pagination-bullet.swiper-pagination-bullet-active{background-color: #16a08b; }#logo-carousel-free-58.sp-lc-container .sp-logo-carousel {padding-top: 46px;}#logo-carousel-free-58.sp-lc-container .sp-lc-button-prev,#logo-carousel-free-58.sp-lc-container .sp-lc-button-next {color: #aaaaaa;background: transparent;border: 1px solid #aaaaaa;line-height: 28px;}#logo-carousel-free-58.sp-lc-container .sp-lc-button-prev:hover,#logo-carousel-free-58.sp-lc-container .sp-lc-button-next:hover{background-color: #16a08b;color: #ffffff;border-color: #16a08b;}@media only screen and (max-width: 576px) {} .logo-carousel-free-area#logo-carousel-free-58{position: relative;}#lcp-preloader-58{position: absolute;left: 0;top: 0;height: 100%;width: 100%;text-align: center;display: flex;align-items: center;justify-content: center;background: #fff;z-index: 9999;} .logo-carousel-free-area#logo-carousel-free-58 .sp-logo-carousel-section-title{margin-bottom: 30px;}#logo-carousel-free-58 .sp-lc-grid-container { justify-content: left; align-items: center; } #logo-carousel-free-58 .swiper-wrapper .swiper-slide { align-self: center; }#logo-carousel-free-58 .sp-lc-grid-container {margin-left: -4px;margin-right: -4px;width: calc( 100% + 8px);}#logo-carousel-free-58 .sp-lc-grid-container [class*=\"lc-col\"] {padding-left: 4px;padding-right: 4px;padding-bottom: 8px;}@media screen and (min-width: 1200px ){.logo-carousel-free-area#logo-carousel-free-58 .sp-logo-carousel:not([class*=\"-initialized\"]) > .swiper-wrapper {display: flex;width: calc( 100% + 8px );}.logo-carousel-free-area#logo-carousel-free-58 .sp-logo-carousel:not([class*=\"-initialized\"]) > .swiper-wrapper > .swiper-slide {width: 33.333333333333%;padding-right: 8px;}}<\/style>\n<div id='logo-carousel-free-58' class=\"logo-carousel-free logo-carousel-free-area sp-lc-container\">\n\t\t\t<div id=\"lcp-preloader-58\" class=\"sp-logo-carousel-preloader\"><img decoding=\"async\" src=\"https:\/\/guardit.pt\/site\/wp-content\/plugins\/logo-carousel-free\/admin\/assets\/images\/spinner.svg\" class=\"skip-lazy\" alt=\"Loader Image\"\/><\/div>\n\t\t\t<div id=\"sp-logo-carousel-id-58\" class=\"swiper-container sp-logo-carousel  lcp-preloader\" dir=\"ltr\" data-carousel='{ \"speed\":600,\"spaceBetween\": 8, \"autoplay\": true, \"infinite\":true, \"autoplay_speed\": 3000, \"stop_onHover\": true, \"pagination\": true, \"navigation\": true, \"MobileNav\": true, \"MobilePagi\": true, \"simulateTouch\": true,\"freeMode\": false,\"swipeToSlide\": false, \"carousel_accessibility\": true,\"adaptiveHeight\": false,\"allowTouchMove\": true, \"slidesPerView\": { \"lg_desktop\": 3, \"desktop\": 1, \"tablet\": 1, \"mobile\": 1, \"mobile_landscape\": 1 } }' data-carousel-starts-onscreen=\"false\">\n\t\t<div class=\"swiper-wrapper\">\n\t\t\t\t<div class=\"swiper-slide\"><div class=\"sp-lc-logo\"><img loading=\"lazy\" decoding=\"async\" src=\"https:\/\/guardit.pt\/site\/wp-content\/uploads\/2025\/05\/partnerlogo.jpg\" title=\"\" alt=\"FBConsultores\" width=\"148\" height=\"197\" class=\"sp-lc-image\"><\/div><\/div>\n\t\t<div class=\"swiper-slide\"><div class=\"sp-lc-logo\"><img loading=\"lazy\" decoding=\"async\" src=\"https:\/\/guardit.pt\/site\/wp-content\/uploads\/2025\/05\/TypeWordmark-ColorCloud-300x58.png\" title=\"\" alt=\"1Password\" width=\"300\" height=\"58\" class=\"sp-lc-image\"><\/div><\/div>\n\t\t<div class=\"swiper-slide\"><div class=\"sp-lc-logo\"><img loading=\"lazy\" decoding=\"async\" src=\"https:\/\/guardit.pt\/site\/wp-content\/uploads\/2025\/07\/proxmox-authorized-reseller-logo-inverted-color-1280px-300x300.png\" title=\"\" alt=\"Proxmox Authorized Reseller\" width=\"300\" height=\"300\" class=\"sp-lc-image\"><\/div><\/div>\n\t\t\t<\/div>\n\n\t\t\t\t\t<div class=\"sp-lc-pagination swiper-pagination dots\"><\/div>\n\t\t\t\t\t\t<div class=\"sp-lc-button-next\"><i class=\"fa fa-angle-right\"><\/i><\/div>\n\t\t\t<div class=\"sp-lc-button-prev\"><i class=\"fa fa-angle-left\"><\/i><\/div>\n\t\t\t\t<\/div>\n<\/div>\n<\/div><\/div>\n\n\n\n<div class=\"wp-block-group alignfull has-background is-layout-constrained wp-container-core-group-is-layout-cfcca693 wp-block-group-is-layout-constrained\" id=\"contact\" style=\"background:linear-gradient(35deg,rgb(6,0,151) 0%,rgb(130,4,255) 64%,rgb(193,15,255) 98%);padding-top:104px;padding-bottom:104px\">\n<h2 class=\"wp-block-heading has-text-align-center has-text-color\" style=\"color:#ffffff\">Contactos<\/h2>\n\n\n\n<p class=\"has-text-align-center\"><a href=\"mailto:info@guardit.pt\"><mark style=\"background-color:rgba(0, 0, 0, 0);color:#ffffff\" class=\"has-inline-color\">info@guardit.pt<\/mark><\/a><\/p>\n<\/div>\n","protected":false},"excerpt":{"rendered":"<p>A GuardIT \u00e9 uma startup tecnol\u00f3gica fundada por um aluno do DETI \u2013 Universidade de Aveiro, sediada no concelho de [&hellip;]<\/p>\n","protected":false},"author":1,"featured_media":0,"parent":0,"menu_order":0,"comment_status":"closed","ping_status":"closed","template":"","meta":{"_seopress_robots_primary_cat":"","_seopress_titles_title":"%%sitetitle%%, Lda.  %%sep%% IT Services","_seopress_titles_desc":"MSP Regional em TI e ciberseguran\u00e7a: redes, cloud, virtualiza\u00e7\u00e3o, backups suporte, continuidade de neg\u00f3cio e NIS2. Auditoria e implementa\u00e7\u00e3o profissional.","_seopress_robots_index":"","_seopress_analysis_target_kw":"it","site-sidebar-layout":"no-sidebar","site-content-layout":"plain-container","ast-site-content-layout":"default","site-content-style":"default","site-sidebar-style":"default","ast-global-header-display":"","ast-banner-title-visibility":"","ast-main-header-display":"","ast-hfb-above-header-display":"","ast-hfb-below-header-display":"","ast-hfb-mobile-header-display":"","site-post-title":"disabled","ast-breadcrumbs-content":"","ast-featured-img":"","footer-sml-layout":"","ast-disable-related-posts":"","theme-transparent-header-meta":"enabled","adv-header-id-meta":"","stick-header-meta":"","header-above-stick-meta":"","header-main-stick-meta":"","header-below-stick-meta":"","astra-migrate-meta-layouts":"default","ast-page-background-enabled":"default","ast-page-background-meta":{"desktop":{"background-color":"var(--ast-global-color-5)","background-image":"","background-repeat":"repeat","background-position":"center center","background-size":"auto","background-attachment":"scroll","background-type":"","background-media":"","overlay-type":"","overlay-color":"","overlay-opacity":"","overlay-gradient":""},"tablet":{"background-color":"","background-image":"","background-repeat":"repeat","background-position":"center center","background-size":"auto","background-attachment":"scroll","background-type":"","background-media":"","overlay-type":"","overlay-color":"","overlay-opacity":"","overlay-gradient":""},"mobile":{"background-color":"","background-image":"","background-repeat":"repeat","background-position":"center center","background-size":"auto","background-attachment":"scroll","background-type":"","background-media":"","overlay-type":"","overlay-color":"","overlay-opacity":"","overlay-gradient":""}},"ast-content-background-meta":{"desktop":{"background-color":"var(--ast-global-color-4)","background-image":"","background-repeat":"repeat","background-position":"center center","background-size":"auto","background-attachment":"scroll","background-type":"","background-media":"","overlay-type":"","overlay-color":"","overlay-opacity":"","overlay-gradient":""},"tablet":{"background-color":"var(--ast-global-color-4)","background-image":"","background-repeat":"repeat","background-position":"center center","background-size":"auto","background-attachment":"scroll","background-type":"","background-media":"","overlay-type":"","overlay-color":"","overlay-opacity":"","overlay-gradient":""},"mobile":{"background-color":"var(--ast-global-color-4)","background-image":"","background-repeat":"repeat","background-position":"center center","background-size":"auto","background-attachment":"scroll","background-type":"","background-media":"","overlay-type":"","overlay-color":"","overlay-opacity":"","overlay-gradient":""}},"footnotes":""},"class_list":["post-8","page","type-page","status-publish","hentry"],"_links":{"self":[{"href":"https:\/\/guardit.pt\/site\/wp-json\/wp\/v2\/pages\/8","targetHints":{"allow":["GET"]}}],"collection":[{"href":"https:\/\/guardit.pt\/site\/wp-json\/wp\/v2\/pages"}],"about":[{"href":"https:\/\/guardit.pt\/site\/wp-json\/wp\/v2\/types\/page"}],"author":[{"embeddable":true,"href":"https:\/\/guardit.pt\/site\/wp-json\/wp\/v2\/users\/1"}],"replies":[{"embeddable":true,"href":"https:\/\/guardit.pt\/site\/wp-json\/wp\/v2\/comments?post=8"}],"version-history":[{"count":31,"href":"https:\/\/guardit.pt\/site\/wp-json\/wp\/v2\/pages\/8\/revisions"}],"predecessor-version":[{"id":329,"href":"https:\/\/guardit.pt\/site\/wp-json\/wp\/v2\/pages\/8\/revisions\/329"}],"wp:attachment":[{"href":"https:\/\/guardit.pt\/site\/wp-json\/wp\/v2\/media?parent=8"}],"curies":[{"name":"wp","href":"https:\/\/api.w.org\/{rel}","templated":true}]}}